-n**4/4 + 13*n**3/3 - 18*n**2 + 61*n + 5681. Calculate b(10).
1
Let t(y) = -y - 5. Let i be -1 - -2 - 41/41. Suppose -6*g + 37 - 49 = i. Give t(g).
-3
Let q(r) = -r**3 - 4*r**2 - r + 6. Let b(x) = 5*x - 149. Let o be b(16). Let t = o - -66. Determine q(t).
0
Let i(s) = -3*s - 34. Let k(y) = -y**3 - 25*y**2 + 304*y - 80. Let j be k(-34). Determine i(j).
2
Suppose -546*y + 288 = -474*y. Let k(f) = -f**2 - 4*f + 4. Determine k(y).
-28
Let b = 353 - 210. Let c(y) = 135*y - 6*y**2 - b*y + 7*y**2 + 15. What is c(6)?
3
Let r(b) = -b**3 + 3*b**2 + 5*b + 5. Suppose 23*p = 9 - 32. Let m be p/10 - (-153)/30. Give r(m).
-20
Let m(o) = -692*o - o**2 + 347*o - 4 + 342*o + 0*o**2. Suppose 20*b - 9 = 23*b. Calculate m(b).
-4
Suppose 2*l + 14 = -4*u, 4*l + 10*u - 5*u = -13. Let a(o) = l*o**2 + o**3 - 12*o**2 - 8*o + 5 - 11*o - 9*o**2. What is a(19)?
5
Suppose 5 = -7*l + 40. Let t be (-5)/(-3)*((-95)/25 + l). Let y(n) = 4*n - 6. Give y(t).
2
Let r(c) be the first derivative of -3*c**3 + c**2/2 - 11*c - 5. Let v(n) = -8*n**2 + n - 13. Let a = 702 - 708. Let l(d) = a*r(d) + 5*v(d). What is l(1)?
14
Let z(l) = 0 - 2*l - 3 + 0. Let y(c) = c**3 - 14*c**2 + 2*c - 1. Let j be y(14). Suppose j*u - 25*u + 14 = 0. Determine z(u).
11
Let c be (-11 + (-575)/(-55))/(12/(-66)). Let r(k) be the third derivative of 1/30*k**5 - 11/40*k**6 + 0*k + 4 + 1/6*k**c - 1/12*k**4 + k**2. What is r(1)?
-32
Let b(y) = -y**2 - 2*y + 4. Let j(u) = 6*u - 45. Let c(x) = x**3 + 6*x**2 - x - 22. Let o be c(-5). Let w be j(o). Give b(w).
-11
Let h(j) = 2*j**2 - 12*j - 4. Let b = -34750 + 34757. Give h(b).
10
Let g = -63 - -63. Suppose -y + a + 8 = g, 6*y = 4*y + 5*a + 31. Let d(p) = p**2 - 3*p + 3. Determine d(y).
3
Let g(n) be the first derivative of -3*n**2 + n - 110. Let u be (-3)/(-6) - (-3)/2. What is g(u)?
-11
Let i(q) be the third derivative of q**4/12 - 10*q**3/3 - 18*q**2 - 7*q. What is i(4)?
-12
Let u(i) be the first derivative of -i**4/12 + i**2/2 + 46*i - 123. Let w(h) be the second derivative of u(h). Calculate w(1).
-2
Suppose -12*j - 7*j = 0. Let p(h) = -h**3 + 4*h - 3*h**2 + 2*h**3 + j*h**3 - 2*h**3 + 3. Suppose 0 = -3*s - 12. Determine p(s).
3
Let r(j) = j**3 + 6*j**2 + 2*j - 2. Suppose -30*c + 36*c = 0. Suppose c = -9*f + 4 + 50. Suppose f*t - 4*t = -8. Calculate r(t).
22
Let q(m) = 6*m + 171. Let l = -2422 - -2395. What is q(l)?
9
Let s be 34/24 - (-1120)/480. Let u(h) be the first derivative of 1/2*h**2 + 28 + h + s*h**4 + 1/3*h**3. Determine u(-1).
-14
Let b(n) = n**2 - 41*n - 461. Let y be b(-9). Let c(q) = -15 - 1 + q**3 + 6*q**2 - 40*q + 35*q + 5*q**2. Give c(y).
39
Let h = -3505 + 3521. Let x(b) = -9*b + 144. Determine x(h).
0
Let h(m) be the second derivative of -m**5/20 + m**4/12 - m**3/2 + 15*m**2/2 - 145*m - 2. Give h(0).
15
Let o be 4/(-6) + (4 - (-37)/(-3)). Let x(b) = b**2 + 10*b + 22. Determine x(o).
13
Let b(u) = -3*u**2 + 15*u - 27. Let d(o) = -10*o**2 + 47*o - 87. Let r(m) = -7*b(m) + 2*d(m). Calculate r(10).
5
Let w(v) be the third derivative of 7*v**4/24 + 5*v**3 - 19*v**2 - 1. Let o be w(-5). Let i(j) = -j**3 - 5*j**2 + j + 7. Calculate i(o).
2
Let c(q) = -q - 2. Let f be c(0). Let i(o) be the third derivative of 89*o**2 + 1/3*o**3 + 0 + 0*o - 1/24*o**4. Determine i(f).
4
Suppose 0 = -5*q + 4*q - 5*j - 1, -q - 1 = -3*j. Let g(v) = v**2 - 3*v - 1. What is g(q)?
3
Let r(s) = s**2 + s - 46. Let q be r(7). Let j(k) = -9*k + 74. Determine j(q).
-16
Suppose f = -2*s + 21, -7*s + 8*s = f - 6. Suppose 5*b = 4 + f. Let j(p) = -p**3 + 3*p**2 + 2*p - 3. Calculate j(b).
3
Let p(n) = n**2 - 10*n - 3. Let a = 1559 - 1547. Give p(a).
21
Suppose 0 = 21*m - 17*m + 180. Let s = m + 74. Let v(a) = -s*a**2 - 4 + 10*a**2 + 5. Give v(1).
-18
Let j = 11 + -21. Let i be 12/(-2)*j/(-20). Let w be 1/(2*i/6). Let v(m) = 2*m + 1. Give v(w).
-1
Let x(b) = -6*b**2 + 49*b + 3. Let h be x(8). Let w(m) = -m**2 + 11*m - 10. What is w(h)?
-10
Suppose 0 = 15*z + 4 - 34. Let x(f) = 7*f**2 + 14*f + 22. Let b(m) = -5*m**2 - 14*m - 22. Let d(l) = z*x(l) + 3*b(l). Give d(-12).
2
Let f(k) = 8*k**2 - 43*k + 87. Let p(t) = 3*t**2 - 15*t + 29. Let a(z) = -4*f(z) + 11*p(z). Determine a(-10).
1
Let w(y) = y**2 - 11*y + 6. Let u(c) = 3*c. Let q(p) = 5*u(p) + w(p). Let d(r) = -r**3 + 7*r**2 + 1. Let j be d(7). Let i be (-2)/(j*2/4). Determine q(i).
6
Let y(i) = 5*i**3 + i**2. Let u be y(-1). Let m(t) be the third derivative of -7*t**4/24 - t**3/3 + 703*t**2. What is m(u)?
26
Let v(h) = 2*h**2 - 16*h - 17. Let w be v(9). Let q(p) = -61*p + 4. Calculate q(w).
-57
Let b = -3458 - -3473. Let a(q) = -2*q**2 + 29*q + 9. What is a(b)?
-6
Let s(i) = 8*i + 40. Suppose -173*l + 91 = -186*l. Calculate s(l).
-16
Let q = 417 - 412. Let g(l) = -3*l**2 + 17*l - 2. Determine g(q).
8
Let i(z) = z**2 + 12*z - 12. Let g be i(7). Let f = -114 + g. Let r(x) = x**3 - 8*x**2 + 8*x + 1. What is r(f)?
8
Let r(t) = 8*t**2 - 34*t - 29. Let m(f) = 13*f**2 - 52*f - 51. Let l(s) = -5*m(s) + 8*r(s). Give l(-11).
34
Let y(f) = f**3 + f**2 + f - 1. Let k(q) = -4*q**3 - 9*q**2 - q + 10. Let d be -1*((-6)/(-2) - (4 + -4)). Let w(j) = d*y(j) - k(j). Determine w(-6).
5
Suppose -16*p = 10*p - 706 + 186. Let k(s) = s**3 - 21*s**2 + 21*s - 12. Calculate k(p).
8
Let y(h) = -2*h - 133. Let k(x) = -6*x - 464. Let p(i) = 2*k(i) - 7*y(i). What is p(-6)?
-9
Let k(b) = 2*b + 5. Suppose -2*o + 717 - 139 = 0. Let h = o + -296. Give k(h).
-9
Suppose 0 = -10*q + 26*q - 16. Let t(i) = 8*i**2 + 1 - 6*i + 5*i - 4*i**2 + 8*i**2. Give t(q).
12
Let n(t) = t**3 + 42*t**2 + 5*t + 212. Let s be n(-42). Let v(m) be the first derivative of -3*m**2 + 3*m - 2 + s*m**3 - 1/4*m**4. What is v(5)?
-2
Let c(f) = -2*f**3 - f**2 + f - 1. Let z(r) = 18*r**2 + 2*r. Let p be z(-1). Let m = 201 + -191. Suppose p*a - 6*a = m. Give c(a).
-3
Let v(z) = -2 + 1 - 2*z**2 - 2*z + z**2. Suppose -4*w = 4, -27 = 8*d - 9*d - 5*w. Suppose -33 = d*k + k. Determine v(k).
0
Let v(y) = -15*y - 462. Let r(c) = -3*c - 86. Let s(i) = -11*r(i) + 2*v(i). Determine s(-4).
10
Let l(t) = 5*t**3 - 12*t**2 - 16*t - 51. Let r(c) = -c**3 + c**2 + 2*c + 9. Let d(a) = -l(a) - 6*r(a). Determine d(-5).
2
Let m(y) = -145*y - 1. Let d(x) = -314*x - 2. Let k(q) = 6*d(q) - 13*m(q). What is k(5)?
6
Let b be -5 - (-2 + 7 + (22 - -9)). Let c = b - -38. Let k(v) be the second derivative of -v**5/20 - v**4/6 - v**3/3 - 3*v**2/2 - v. Calculate k(c).
12
Let o(g) be the first derivative of -g**5/24 + g**4/2 + 35*g**3 - 162. Let m(v) be the third derivative of o(v). What is m(5)?
-13
Let m(n) = 16 + 5 - 13*n + 5*n + 9*n. Let k be m(-15). Let p(j) = 3*j - 19. Let y be p(k). Let u(b) = -17*b**3 + 2*b**2 + b. Calculate u(y).
18
Let n(g) = 15*g - 116. Let m(o) = -16*o + 127. Let z(w) = -4*m(w) - 3*n(w). Determine z(9).
11
Let y(x) be the third derivative of x**5/12 - x**4/4 - x**3/2 + 1174*x**2 - 1. Give y(2).
5
Suppose -m - 3*m + 4 = 0. Let h(f) be the first derivative of 5*f**4/24 + f**3/6 + 69*f**2/2 + f - 7. Let y(a) be the second derivative of h(a). What is y(m)?
6
Let z(o) = o**2 - 1. Let m be 12/18 - (-248)/6. Let u = m - 38. Let n be (2*u)/2 - (9 + -5). Determine z(n).
-1
Let n = -914 - -912. Let c(f) = 5*f**3 + 2*f**2 - 2. Let z(a) = -6*a**3 - 2*a**2 + 3. Let u(p) = 4*c(p) + 3*z(p). Calculate u(n).
-7
Let i(q) = 5*q + 9. Let p be i(4). Let d = -30 + p. Let u(v) = 4*v + 2. Let b(m) = m. Let k(s) = d*b(s) + u(s). What is k(-2)?
-4
Let y(i) = -5*i + 33. Let s = 12 + -10. Let z(h) = -h + 7. Let f(x) = s*y(x) - 11*z(x). Determine f(13).
2
Let f = 239 - 233. Let r(c) = -2*c**2 - 24*c - 13. Let i(p) = p**2 + 11*p + 6. Let m(k) = f*r(k) + 13*i(k). Let b(s) = -s**2 + 1. Let q be b(2). What is m(q)?
12
Let o(c) = -c**3 - 6*c**2 - c + 3. Let y = 2451 + -2454. Give o(y).
-21
Let z(l) = -60 + 26*l + 24*l + 30*l - l**2 + 68 - 55*l. Calculate z(25).
8
Let z(c) = -2*c - 2. Let b(y) = -16*y + 1. Let q be b(1). Let t(m) = -2*m + 18. Let l(i) = 5*i - 52. Let g(r) = 3*l(r) + 8*t(r). Let n be g(q). Give z(n).
-8
Let d(q) = 7*q - 6. Let c(h) = 6*h - 6. Let w(r) = 6*c(r) - 5*d(r). Let j = -596 - -601. Determine w(j).
-1
Let u(f) be the first derivative of 13*f**4/4 + 2*f**3/3 + f**2/2 - 57. Let l(o) = -o. Let v be l(2). Let a be -5 - (v - 1) - -1. What is u(a)?
-12
Let m(y) = 14 - 2*y + 13 - 4*y**2 - 33 + 7 + y**3. Suppose 0*o = 5*d + 